{"id":2977,"date":"2016-11-04T21:50:34","date_gmt":"2016-11-04T21:50:34","guid":{"rendered":"http:\/\/www.3mango.hu\/blog\/?page_id=2977"},"modified":"2016-12-30T14:45:54","modified_gmt":"2016-12-30T14:45:54","slug":"cookie","status":"publish","type":"page","link":"https:\/\/3mango.hu\/blog\/cookie\/","title":{"rendered":"Cookiek (s\u00fctik) haszn\u00e1lat\u00e1nak szab\u00e1lyzata"},"content":{"rendered":"<p>Cookiek (s\u00fctik) haszn\u00e1lat\u00e1nak szab\u00e1lyzata<\/p>\n<p>1. Cookiek haszn\u00e1lat\u00e1nak szab\u00e1lyzata<br \/>\nEz a szab\u00e1lyzat a 3 Mang\u00f3 &#8211; Grafikai szupport (T\u00f3th Attila e.v. 1033 Budapest, Ap\u00e1t u. 18.), a tov\u00e1bbiakban: 3 Mang\u00f3 \u00e1ltal m\u0171k\u00f6dtetett weboldalak cookie-jaira vonatkozik.<\/p>\n<p>2. Mik a cookie-k?<br \/>\nA cookie egy kism\u00e9ret\u0171 f\u00e1jl, mely csak bet\u0171ket \u00e9s sz\u00e1mokat tartalmaz, \u00e9s ami egy felhaszn\u00e1l\u00f3 sz\u00e1m\u00edt\u00f3g\u00e9p\u00e9n, mobiltelefonj\u00e1n vagy egy\u00e9b, Internetes hozz\u00e1f\u00e9r\u00e9st biztos\u00edt\u00f3 eszk\u00f6z\u00e9n t\u00e1rolhat\u00f3. A cookie egy inform\u00e1ci\u00f3csomag, amelyet az adott webszerver k\u00fcld a b\u00f6ng\u00e9sz\u0151nek, majd a b\u00f6ng\u00e9sz\u0151 visszak\u00fcld a szervernek minden, a szerver fel\u00e9 ir\u00e1ny\u00edtott k\u00e9r\u00e9s alkalm\u00e1val. A s\u00fctik \u201epassz\u00edvak\u201d, azaz nem tartalmaznak futtathat\u00f3 \u00e1llom\u00e1nyokat, v\u00edrusokat, illetve k\u00e9mprogramokat (spyware), valamint nem f\u00e9rnek hozz\u00e1 a felhaszn\u00e1l\u00f3 merevlemez\u00e9nek adataihoz.<\/p>\n<p>3. Mire haszn\u00e1lhat\u00f3ak a cookie-k?<br \/>\nEzek a f\u00e1jlok lehet\u0151v\u00e9 teszik a felhaszn\u00e1l\u00f3 Internetez\u00e9sre haszn\u00e1lt eszk\u00f6z\u00e9nek felismer\u00e9s\u00e9t, \u00e9s ez\u00e1ltal relev\u00e1ns, a felhaszn\u00e1l\u00f3 ig\u00e9nyeihez igaz\u00edtott tartalom megjelen\u00edt\u00e9s\u00e9t. A s\u00fctik a felhaszn\u00e1l\u00f3 sz\u00e1m\u00e1ra egyszer\u0171bb b\u00f6ng\u00e9sz\u00e9st biztos\u00edtanak, \u00e9s el\u0151seg\u00edtik, hogy a 3 Mang\u00f3 a felhaszn\u00e1l\u00f3 sz\u00e1m\u00e1ra min\u00e9l k\u00e9nyelmesebb szolg\u00e1ltat\u00e1sokat ny\u00fajtson. Ezek k\u00f6z\u00e9 tartoznak az online adatbiztons\u00e1ggal kapcsolatos ig\u00e9nyek, a vev\u0151i kos\u00e1r vagy a relev\u00e1ns rekl\u00e1mok. Ugyanakkor bizonyos \u2013 anonim \u2013 statisztik\u00e1k elk\u00e9sz\u00edt\u00e9s\u00e9hez is haszn\u00e1lhat\u00f3ak, melyek \u00e9rt\u00e9kes inform\u00e1ci\u00f3kkal szolg\u00e1lnak a 3 Mang\u00f3-nak a felhaszn\u00e1l\u00f3k oldalhaszn\u00e1lati szok\u00e1saival kapcsolatosan. A kapott statisztikai eredm\u00e9nyeket felhaszn\u00e1lva tudjuk az oldal szerkezet\u00e9t \u00e9s tartalm\u00e1t az ig\u00e9nyeknek megfelel\u0151en alak\u00edtani, mindezt a felhaszn\u00e1l\u00f3k anonimit\u00e1s\u00e1nak meg\u0151rz\u00e9se mellett.<\/p>\n<p>4. Milyen cookie-kat haszn\u00e1lunk?<br \/>\nA 3 Mang\u00f3 k\u00e9tf\u00e9le s\u00fctit haszn\u00e1l: id\u0151szakosat valamint \u00e1lland\u00f3t. El\u0151bbiek olyan ideiglenes f\u00e1jlok, melyek a bejelentkezett id\u0151szak v\u00e9g\u00e9ig vagy az alkalmaz\u00e1s (b\u00f6ng\u00e9sz\u0151) bez\u00e1r\u00e1s\u00e1ig maradnak a felhaszn\u00e1l\u00f3 eszk\u00f6z\u00e9n. Az \u00e1lland\u00f3 cookie-k pedig a param\u00e9ter\u00fckben meghat\u00e1rozott ideig (vagy manu\u00e1lis t\u00f6rl\u00e9s\u00fckig) vannak jelen a felhaszn\u00e1l\u00f3 eszk\u00f6z\u00e9n.<\/p>\n<p>5. Mire haszn\u00e1lja a cookie-kat a 3 Mang\u00f3 weboldalala?<br \/>\nEgy l\u00e1togat\u00e1s sor\u00e1n a weboldal a k\u00f6vetkez\u0151 c\u00e9lb\u00f3l helyezhet el cookie-kat a felhaszn\u00e1l\u00f3 Internetez\u00e9sre haszn\u00e1lt eszk\u00f6z\u00e9n: &#8211; Weboldal teljes\u00edtm\u00e9nym\u00e9r\u00e9s &#8211; B\u00f6ng\u00e9sz\u00e9s-elemz\u00e9s &#8211; Geotargeting &#8211; Feliratkoz\u00e1si szok\u00e1sok m\u00e9r\u00e9se &#8211; Megfelel\u0151 term\u00e9kek aj\u00e1nl\u00e1sa &#8211; Relev\u00e1ns rekl\u00e1mszolg\u00e1ltat\u00e1sok megjelen\u00edt\u00e9se<\/p>\n<p>6. Tartalmaznak a cookie-k szem\u00e9lyes adatokat?<br \/>\nA legt\u00f6bb s\u00fcti hat\u00e9kony m\u0171k\u00f6d\u00e9s\u00e9hez semmilyen szem\u00e9lyes jelleg\u0171 adat nem sz\u00fcks\u00e9ges. Ennek megfelel\u0151en az esetek d\u00f6nt\u0151 t\u00f6bbs\u00e9g\u00e9ben a cookie nem azonos\u00edtja az adott felhaszn\u00e1l\u00f3t. A cookie-k haszn\u00e1lata sor\u00e1n \u00f6sszegy\u0171jt\u00f6tt szem\u00e9lyes adatok kiz\u00e1r\u00f3lag olyan c\u00e9lb\u00f3l haszn\u00e1lhat\u00f3k fel, hogy bizonyos funkci\u00f3k haszn\u00e1lat\u00e1t megk\u00f6nny\u00edts\u00e9k a felhaszn\u00e1l\u00f3 sz\u00e1m\u00e1ra. Ezek az adatok olyan m\u00f3don vannak t\u00e1rolva, hogy azokhoz jogosulatlan szem\u00e9lyek nem f\u00e9rhetnek hozz\u00e1.<\/p>\n<p>7. A cookie-k t\u00f6rl\u00e9se<br \/>\nA weboldalak el\u00e9r\u00e9s\u00e9hez haszn\u00e1lt b\u00f6ng\u00e9sz\u0151programok alap\u00e9rtelmezett esetben enged\u00e9lyezik a s\u00fctik elhelyez\u00e9s\u00e9t az eszk\u00f6zre. Ezek a be\u00e1ll\u00edt\u00e1sok azonban megv\u00e1ltoztathat\u00f3k \u00fagy, hogy a cookie-k automatikus kezel\u00e9s\u00e9t a b\u00f6ng\u00e9sz\u0151 blokkolja, vagy minden esetben \u00e9rtes\u00edti a felhaszn\u00e1l\u00f3t, ha az eszk\u00f6zre cookie-t k\u00fcldtek. A s\u00fctik kezel\u00e9s\u00e9re vonatkoz\u00f3 inform\u00e1ci\u00f3k a b\u00f6ng\u00e9sz\u0151 be\u00e1ll\u00edt\u00e1sai k\u00f6z\u00f6tt tal\u00e1lhat\u00f3ak. Fontos tudni, hogy a cookie-k haszn\u00e1lat\u00e1nak tilt\u00e1sa\/korl\u00e1toz\u00e1sa negat\u00edvan befoly\u00e1solhatja az oldal bizonyos funkci\u00f3inak m\u0171k\u00f6d\u00e9s\u00e9t.<\/p>\n<p>8. Mi\u00e9rt fontosak a cookie-k az interneten?<br \/>\nA cookie-k az Internet hat\u00e9kony m\u0171k\u00f6d\u00e9s\u00e9nek k\u00f6zponti elem\u00e9t k\u00e9pezik, hiszen hozz\u00e1seg\u00edtik a felhaszn\u00e1l\u00f3t a k\u00e9nyelmes b\u00f6ng\u00e9sz\u00e9shez, az \u00e1ltaluk megismert ig\u00e9nyek \u00e9s \u00e9rdekl\u0151d\u00e9si k\u00f6r\u00f6k r\u00e9v\u00e9n. A s\u00fctik korl\u00e1toz\u00e1sa, vagy tilt\u00e1sa lehetetlenn\u00e9 teheti bizonyos weboldalak haszn\u00e1lat\u00e1t. A cookie-k korl\u00e1toz\u00e1sa, vagy tilt\u00e1sa nem jelenti azt, hogy \u00d6n t\u00f6bb\u00e9 nem kap online rekl\u00e1mokat; mind\u00f6ssze annyit \u00e9r el ezzel, hogy a megjelen\u0151 rekl\u00e1mok nem veszik figyelembe a b\u00f6ng\u00e9sz\u00e9si szok\u00e1sait, \u00edgy nem igazodnak ig\u00e9nyeihez \u00e9s \u00e9rdekl\u0151d\u00e9si k\u00f6r\u00e9hez. Egy p\u00e9lda a s\u00fctik haszn\u00e1lat\u00e1ra (melyekhez nem sz\u00fcks\u00e9ges egy felhaszn\u00e1l\u00f3 azonos\u00edt\u00e1sa egy felhaszn\u00e1l\u00f3i fel\u00fclet seg\u00edts\u00e9g\u00e9vel): Analitikai jellemz\u0151k m\u00e9r\u00e9se \u00e9s optimaliz\u00e1l\u00e1s. Egy weboldal forgalm\u00e1nak m\u00e9r\u00e9se, a let\u00f6lt\u00f6tt tartalom vizsg\u00e1lata, valamint annak meghat\u00e1roz\u00e1sa, hogy a felhaszn\u00e1l\u00f3 honnan \u00e9rkezett a weboldalra (pl.: keres\u0151n kereszt\u00fcl, k\u00f6zvetlen\u00fcl, m\u00e1s weboldalr\u00f3l, stb.). A weboldalak az\u00e9rt v\u00e9gzik ezeket a l\u00e1togatotts\u00e1gi elemz\u00e9seket, hogy a felhaszn\u00e1l\u00f3k sz\u00e1m\u00e1ra min\u00e9l jobb\u00e1 tegy\u00e9k az oldalt.<\/p>\n<p>9. Biztons\u00e1ggal \u00e9s adatbiztons\u00e1ggal kapcsolatos t\u00e9nyez\u0151k<br \/>\nA cookie-k NEM v\u00edrusok! A cookie-k egyszer\u0171 sz\u00f6veg t\u00edpus\u00fa form\u00e1tumot haszn\u00e1lnak, nem k\u00f3dr\u00e9szletekb\u0151l \u00e1llnak, \u00edgy nem futtathat\u00f3k automatikusan. K\u00f6vetkez\u00e9sk\u00e9pp, nem m\u00e1solhat\u00f3k \u00e9s nem feleltethet\u0151k meg m\u00e1s h\u00e1l\u00f3zatokban az \u00fajrafuttat\u00e1shoz. Mivel ezeket a funkci\u00f3kat nem k\u00e9pesek ell\u00e1tni, \u00edgy nem tekinthet\u0151ek programoknak (\u00edgy v\u00edrusoknak sem). A s\u00fctik azonban haszn\u00e1lhat\u00f3k negat\u00edv c\u00e9lokra is. Mivel a felhaszn\u00e1l\u00f3 ig\u00e9nyeire \u00e9s navig\u00e1l\u00e1si el\u0151zm\u00e9nyeire vonatkoz\u00f3 inform\u00e1ci\u00f3kat t\u00e1rolnak, \u00edgy egy adott weboldalon ak\u00e1r spyware-k\u00e9nt is haszn\u00e1lhat\u00f3k. Ennek megfelel\u0151en sz\u00e1mos antiv\u00edrus program a cookie-kat folyamatosan t\u00f6rl\u00e9sre \u00edt\u00e9li a k\u00fcl\u00f6nf\u00e9le sz\u00e1m\u00edt\u00f3g\u00e9p-\u00e1tvizsg\u00e1l\u00e1si folyamatok (teljes rendszervizsg\u00e1lat, val\u00f3s idej\u0171 v\u00e9delem, stb.) sor\u00e1n. \u00c1ltal\u00e1ban a b\u00f6ng\u00e9sz\u0151kben olyan adatbiztons\u00e1gi be\u00e1ll\u00edt\u00e1sok vannak, melyek lehet\u0151v\u00e9 teszik adott oldalak \u00e1ltal elhelyezett cookie-k szint\u0171 elfogad\u00e1s\u00e1t, azok \u00e9rv\u00e9nyess\u00e9gi idej\u00e9nek meghat\u00e1roz\u00e1sa \u00e9s automatikus t\u00f6rl\u00e9se mellett. A cookie-khoz kapcsol\u00f3d\u00f3 egy\u00e9b biztons\u00e1gi vonatkoz\u00e1sok: Mivel a szem\u00e9lyazonoss\u00e1g v\u00e9delme fokozottan fontos \u00e9s minden Internetes felhaszn\u00e1l\u00f3 alanyi joga, ez\u00e9rt tudni kell, hogy a s\u00fctik haszn\u00e1lata sor\u00e1n milyen agg\u00e1lyok mer\u00fclhetnek fel. Mivel a cookie-kon kereszt\u00fcl folyamatosan \u00e1ramlik az inform\u00e1ci\u00f3 a weboldal \u00e9s a b\u00f6ng\u00e9sz\u0151 k\u00f6z\u00f6tt mindk\u00e9t ir\u00e1nyba, \u00edgy ha egy t\u00e1mad\u00f3 (hekker) beavatkozik az adattov\u00e1bb\u00edt\u00e1sba, \u00fagy a s\u00fcti \u00e1ltal t\u00e1rolt inform\u00e1ci\u00f3k lek\u00f6vethet\u0151k. Amennyiben a b\u00f6ng\u00e9sz\u00e9s k\u00f3dolatlan Internet-el\u00e9r\u00e9si h\u00e1l\u00f3zaton kereszt\u00fcl t\u00f6rt\u00e9nik (pl. megfelel\u0151 titkos\u00edt\u00e1ssal nem rendelkez\u0151 WiFi h\u00e1l\u00f3zat), \u00fagy a t\u00e1mad\u00e1s val\u00f3sz\u00edn\u0171s\u00e9ge jelent\u0151sen megn\u0151. <\/p>\n<p>Tov\u00e1bbi \u2013 cookie-k felhaszn\u00e1l\u00e1s\u00e1n alapul\u00f3 \u2013 t\u00e1mad\u00e1si fel\u00fcletet szolg\u00e1ltathatnak a s\u00fctik szerver oldali be\u00e1ll\u00edt\u00e1si hi\u00e1nyoss\u00e1gai. Ha egy weboldal nem k\u00f6veteli meg a b\u00f6ng\u00e9sz\u0151t\u0151l, hogy az kiz\u00e1r\u00f3lag k\u00f3dolt csatorn\u00e1n kereszt\u00fcl kommunik\u00e1ljon, \u00fagy a t\u00e1mad\u00f3k ezt a biztons\u00e1gi r\u00e9st kihaszn\u00e1lva inform\u00e1ci\u00f3kat nyerhetnek ki a s\u00fctikb\u0151l. A t\u00e1mad\u00f3k a kinyert adatokat m\u00e1s weboldalakhoz val\u00f3 \u2013 illet\u00e9ktelen \u2013 hozz\u00e1f\u00e9r\u00e9shez haszn\u00e1lhatj\u00e1k fel. Emiatt l\u00e9nyeges, hogy figyelmesen megv\u00e1lasszuk a legmegfelel\u0151bb szem\u00e9lyes adatv\u00e9delmi m\u00f3dszert. Tan\u00e1csok a cookie-kon alapul\u00f3 biztons\u00e1gos \u00e9s felel\u0151ss\u00e9gteljes navig\u00e1l\u00e1shoz: Mivel a legnagyobb \u00e9s legl\u00e1togatottabb weboldalak haszn\u00e1lnak s\u00fctiket, \u00edgy ezek jelenl\u00e9te\/haszn\u00e1lata szinte kiker\u00fclhetetlen. A cookie-k teljes letilt\u00e1sa eset\u00e9n a felhaszn\u00e1l\u00f3 nem tud haszn\u00e1lni sz\u00e1mos n\u00e9pszer\u0171 oldalt, mint p\u00e9ld\u00e1ul a Youtube, a Gmail, a Yahoo \u00e9s sz\u00e1mos egy\u00e9b oldal. <\/p>\n<p>Az al\u00e1bbi n\u00e9h\u00e1ny tan\u00e1cs seg\u00edts\u00e9get ny\u00fajt a cookie-k enged\u00e9lyez\u00e9se mellett is biztons\u00e1gos \u00e9s gondtalan b\u00f6ng\u00e9sz\u00e9shez: <\/p>\n<p>Szabja szem\u00e9lyre a b\u00f6ng\u00e9sz\u0151 be\u00e1ll\u00edt\u00e1sait a cookie-kra vonatkoz\u00f3an \u00fagy, hogy azok haszn\u00e1lata az \u00d6n sz\u00e1m\u00e1ra m\u00e9g k\u00e9nyelmes Internetez\u00e9st biztos\u00edtva is biztons\u00e1gos legyen. Ha sz\u00e1m\u00edt\u00f3g\u00e9p\u00e9t csak \u00d6n haszn\u00e1lja, \u00fagy hosszabb lej\u00e1rati id\u0151t is be\u00e1ll\u00edthat a b\u00f6ng\u00e9sz\u00e9si el\u0151zm\u00e9nyek r\u00f6gz\u00edt\u00e9s\u00e9re, illetve a szem\u00e9lyes adatok elt\u00e1rol\u00e1s\u00e1ra vonatkoz\u00f3an. Amennyiben sz\u00e1m\u00edt\u00f3g\u00e9p\u00e9t megosztja m\u00e1sokkal, akkor \u00e9rdemes a b\u00f6ng\u00e9sz\u0151 \u00e1ltal megjegyzett adatokat minden haszn\u00e1latot k\u00f6vet\u0151en t\u00f6r\u00f6lni (l\u00e9tezik automatiz\u00e1lt megold\u00e1s, amely a program bez\u00e1r\u00e1sakor automatikusan elv\u00e9gzi a t\u00f6rl\u00e9st). Ez\u00e1ltal lehet\u0151s\u00e9ge van arra, hogy biztons\u00e1gos keretek k\u00f6z\u00f6tt l\u00e1togasson meg olyan oldalakat, melyek cookie-kat helyeznek el a sz\u00e1m\u00edt\u00f3g\u00e9pen. Rendszeresen friss\u00edtse a k\u00e9mprogramok elleni programok adatb\u00e1zis\u00e1t. Sok esetben a k\u00e9mprogramok ellen v\u00e9d\u0151 szoftverek val\u00f3s id\u0151ben figyelik a b\u00f6ng\u00e9sz\u00e9st \u00e9s figyelmeztetnek, amennyiben nem biztons\u00e1gos oldalt k\u00edv\u00e1n bet\u00f6lteni a felhaszn\u00e1l\u00f3 (adott be\u00e1ll\u00edt\u00e1s mellett ak\u00e1r automatikusan blokkolhatj\u00e1k azok bet\u00f6lt\u00e9s\u00e9t). Ennek a szolg\u00e1ltat\u00e1snak k\u00f6sz\u00f6nhet\u0151en a felhaszn\u00e1l\u00f3 nem, vagy csak sz\u00e1nt sz\u00e1nd\u00e9kkal, juthat el olyan oldalra, ahol potenci\u00e1lis vesz\u00e9lynek (kibert\u00e1mad\u00e1snak) van kit\u00e9ve. \u00c9ppen ez\u00e9rt fontos, hogy b\u00f6ng\u00e9sz\u0151je \u00e9s antiv\u00edrus programja is mindig az el\u00e9rhet\u0151 legfrissebb verzi\u00f3j\u00fa legyen. <\/p>\n<p>A t\u00e1mad\u00e1sok jelent\u0151s h\u00e1nyada a b\u00f6ng\u00e9sz\u0151 biztons\u00e1gi r\u00e9sein kereszt\u00fcl t\u00f6rt\u00e9nik. Min\u00e9l r\u00e9gebbi verzi\u00f3j\u00fa egy b\u00f6ng\u00e9sz\u0151, ann\u00e1l t\u00f6bb ilyen gyenge pont tal\u00e1lhat\u00f3 meg benne. Mivel szinte minden nagyobb hazai \u00e9s nemzetk\u00f6zi weboldal haszn\u00e1l cookie-kat, \u00edgy haszn\u00e1latuk szinte elker\u00fclhetetlen. Amennyiben ismeri a s\u00fctik alapvet\u0151 m\u0171k\u00f6d\u00e9si mechanizmus\u00e1t, \u00fagy el tudja v\u00e9gezni azokat a be\u00e1ll\u00edt\u00e1sokat, amelyek mellett k\u00e9nyelmesen, ugyanakkor biztons\u00e1gosan tud b\u00f6ng\u00e9szni az Interneten. <\/p>\n<p>A cookie-k tilt\u00e1s\u00e1t vagy visszautas\u00edt\u00e1s\u00e1t csak bizonyos \u2013 nehezen hozz\u00e1f\u00e9rhet\u0151 \u00e9s haszn\u00e1lhat\u00f3 \u2013 weboldalak alkalmazz\u00e1k. Fontos tudni ugyanakkor, hogy a s\u00fctik tilt\u00e1sa nem jelenti azt, hogy \u00d6n t\u00f6bb\u00e9 nem kap\/l\u00e1t online rekl\u00e1mokat az egyes weboldalakon. A sz\u00e9les k\u00f6rben haszn\u00e1lt b\u00f6ng\u00e9sz\u0151programokban el\u00e9rhet\u0151 olyan be\u00e1ll\u00edt\u00e1s, amely lehet\u0151v\u00e9 teszi adott cookie permanens elutas\u00edt\u00e1s\u00e1t. Ezen k\u00edv\u00fcl ak\u00e1r az is be\u00e1ll\u00edthat\u00f3, hogy csak adott weboldalt\u00f3l fogadjon el a sz\u00e1m\u00edt\u00f3g\u00e9p s\u00fctiket. A s\u00fctik letilt\u00e1sa nyom\u00e1n ak\u00e1r az is megt\u00f6rt\u00e9nhet, hogy nem hagyhat kommentet egy adott weboldalon. Manaps\u00e1g m\u00e1r minden sz\u00e9les k\u00f6rben haszn\u00e1lt b\u00f6ng\u00e9sz\u0151 lehet\u0151s\u00e9get k\u00edn\u00e1l a s\u00fctikezel\u00e9s szem\u00e9lyre szab\u00e1s\u00e1ra. Ezek a be\u00e1ll\u00edt\u00e1sok a b\u00f6ng\u00e9sz\u0151ben rendszerint az \u201eOpci\u00f3k\u201d vagy \u201eBe\u00e1ll\u00edt\u00e1sok\u201d men\u00fcn bel\u00fcl tal\u00e1lhat\u00f3k. Az egyes b\u00f6ng\u00e9sz\u0151-t\u00edpusokkal kapcsolatos be\u00e1ll\u00edt\u00e1sokhoz az al\u00e1bbi hivatkoz\u00e1sokra kattintva tal\u00e1l seg\u00edts\u00e9get: <\/p>\n<p>Cookie settings in Internet Explorer Cookie settings in Firefox Cookie settings in Chrome Cookie settings in Safari<\/p>\n<p>10. Tov\u00e1bbi hasznos link<br \/>\nAz al\u00e1bbi oldal pedig r\u00e9szletesen taglalja az online adatv\u00e9delmi \u00e9s viselked\u00e9s alap\u00fa hirdet\u00e9si form\u00e1kkal kapcsolatos tudnival\u00f3kat: http:\/\/www.youronlinechoices.com\/hu\/<\/p>\n","protected":false},"excerpt":{"rendered":"<p>Cookiek (s\u00fctik) haszn\u00e1lat\u00e1nak szab\u00e1lyzata 1. Cookiek haszn\u00e1lat\u00e1nak szab\u00e1lyzata Ez a szab\u00e1lyzat a 3 Mang\u00f3 &#8211; Grafikai szupport (T\u00f3th Attila e.v. 1033 Budapest, Ap\u00e1t u. 18.), a tov\u00e1bbiakban: 3 Mang\u00f3 \u00e1ltal m\u0171k\u00f6dtetett weboldalak cookie-jaira vonatkozik. 2. Mik a cookie-k? A cookie egy kism\u00e9ret\u0171 f\u00e1jl, mely csak bet\u0171ket \u00e9s sz\u00e1mokat tartalmaz, \u00e9s ami egy felhaszn\u00e1l\u00f3 sz\u00e1m\u00edt\u00f3g\u00e9p\u00e9n, mobiltelefonj\u00e1n [&hellip;]<\/p>\n","protected":false},"author":1,"featured_media":0,"parent":0,"menu_order":0,"comment_status":"closed","ping_status":"closed","template":"","meta":{"footnotes":""},"class_list":["post-2977","page","type-page","status-publish","hentry"],"yoast_head":"<!-- This site is optimized with the Yoast SEO plugin v23.0 - https:\/\/yoast.com\/wordpress\/plugins\/seo\/ -->\n<title>Cookiek (s\u00fctik) haszn\u00e1lat\u00e1nak szab\u00e1lyzata - 3Mang\u00f3 - Magazin<\/title>\n<meta name=\"robots\" content=\"index, follow, max-snippet:-1, max-image-preview:large, max-video-preview:-1\" \/>\n<link rel=\"canonical\" href=\"https:\/\/3mango.hu\/blog\/cookie\/\" \/>\n<meta property=\"og:locale\" content=\"hu_HU\" \/>\n<meta property=\"og:type\" content=\"article\" \/>\n<meta property=\"og:title\" content=\"Cookiek (s\u00fctik) haszn\u00e1lat\u00e1nak szab\u00e1lyzata - 3Mang\u00f3 - Magazin\" \/>\n<meta property=\"og:description\" content=\"Cookiek (s\u00fctik) haszn\u00e1lat\u00e1nak szab\u00e1lyzata 1. Cookiek haszn\u00e1lat\u00e1nak szab\u00e1lyzata Ez a szab\u00e1lyzat a 3 Mang\u00f3 &#8211; Grafikai szupport (T\u00f3th Attila e.v. 1033 Budapest, Ap\u00e1t u. 18.), a tov\u00e1bbiakban: 3 Mang\u00f3 \u00e1ltal m\u0171k\u00f6dtetett weboldalak cookie-jaira vonatkozik. 2. Mik a cookie-k? A cookie egy kism\u00e9ret\u0171 f\u00e1jl, mely csak bet\u0171ket \u00e9s sz\u00e1mokat tartalmaz, \u00e9s ami egy felhaszn\u00e1l\u00f3 sz\u00e1m\u00edt\u00f3g\u00e9p\u00e9n, mobiltelefonj\u00e1n [&hellip;]\" \/>\n<meta property=\"og:url\" content=\"https:\/\/3mango.hu\/blog\/cookie\/\" \/>\n<meta property=\"og:site_name\" content=\"3Mang\u00f3 - Magazin\" \/>\n<meta property=\"article:modified_time\" content=\"2016-12-30T14:45:54+00:00\" \/>\n<meta name=\"twitter:card\" content=\"summary_large_image\" \/>\n<script type=\"application\/ld+json\" class=\"yoast-schema-graph\">{\"@context\":\"https:\/\/schema.org\",\"@graph\":[{\"@type\":\"WebPage\",\"@id\":\"https:\/\/3mango.hu\/blog\/cookie\/\",\"url\":\"https:\/\/3mango.hu\/blog\/cookie\/\",\"name\":\"Cookiek (s\u00fctik) haszn\u00e1lat\u00e1nak szab\u00e1lyzata - 3Mang\u00f3 - Magazin\",\"isPartOf\":{\"@id\":\"https:\/\/3mango.hu\/blog\/#website\"},\"datePublished\":\"2016-11-04T21:50:34+00:00\",\"dateModified\":\"2016-12-30T14:45:54+00:00\",\"breadcrumb\":{\"@id\":\"https:\/\/3mango.hu\/blog\/cookie\/#breadcrumb\"},\"inLanguage\":\"hu\",\"potentialAction\":[{\"@type\":\"ReadAction\",\"target\":[\"https:\/\/3mango.hu\/blog\/cookie\/\"]}]},{\"@type\":\"BreadcrumbList\",\"@id\":\"https:\/\/3mango.hu\/blog\/cookie\/#breadcrumb\",\"itemListElement\":[{\"@type\":\"ListItem\",\"position\":1,\"name\":\"Home\",\"item\":\"https:\/\/3mango.hu\/blog\/\"},{\"@type\":\"ListItem\",\"position\":2,\"name\":\"Cookiek (s\u00fctik) haszn\u00e1lat\u00e1nak szab\u00e1lyzata\"}]},{\"@type\":\"WebSite\",\"@id\":\"https:\/\/3mango.hu\/blog\/#website\",\"url\":\"https:\/\/3mango.hu\/blog\/\",\"name\":\"3Mang\u00f3 - Magazin\",\"description\":\"Design, typo, grafikai tervez\u00e9s, kiadv\u00e1nytervez\u00e9s\",\"potentialAction\":[{\"@type\":\"SearchAction\",\"target\":{\"@type\":\"EntryPoint\",\"urlTemplate\":\"https:\/\/3mango.hu\/blog\/?s={search_term_string}\"},\"query-input\":\"required name=search_term_string\"}],\"inLanguage\":\"hu\"}]}<\/script>\n<!-- \/ Yoast SEO plugin. -->","yoast_head_json":{"title":"Cookiek (s\u00fctik) haszn\u00e1lat\u00e1nak szab\u00e1lyzata - 3Mang\u00f3 - Magazin","robots":{"index":"index","follow":"follow","max-snippet":"max-snippet:-1","max-image-preview":"max-image-preview:large","max-video-preview":"max-video-preview:-1"},"canonical":"https:\/\/3mango.hu\/blog\/cookie\/","og_locale":"hu_HU","og_type":"article","og_title":"Cookiek (s\u00fctik) haszn\u00e1lat\u00e1nak szab\u00e1lyzata - 3Mang\u00f3 - Magazin","og_description":"Cookiek (s\u00fctik) haszn\u00e1lat\u00e1nak szab\u00e1lyzata 1. Cookiek haszn\u00e1lat\u00e1nak szab\u00e1lyzata Ez a szab\u00e1lyzat a 3 Mang\u00f3 &#8211; Grafikai szupport (T\u00f3th Attila e.v. 1033 Budapest, Ap\u00e1t u. 18.), a tov\u00e1bbiakban: 3 Mang\u00f3 \u00e1ltal m\u0171k\u00f6dtetett weboldalak cookie-jaira vonatkozik. 2. Mik a cookie-k? A cookie egy kism\u00e9ret\u0171 f\u00e1jl, mely csak bet\u0171ket \u00e9s sz\u00e1mokat tartalmaz, \u00e9s ami egy felhaszn\u00e1l\u00f3 sz\u00e1m\u00edt\u00f3g\u00e9p\u00e9n, mobiltelefonj\u00e1n [&hellip;]","og_url":"https:\/\/3mango.hu\/blog\/cookie\/","og_site_name":"3Mang\u00f3 - Magazin","article_modified_time":"2016-12-30T14:45:54+00:00","twitter_card":"summary_large_image","schema":{"@context":"https:\/\/schema.org","@graph":[{"@type":"WebPage","@id":"https:\/\/3mango.hu\/blog\/cookie\/","url":"https:\/\/3mango.hu\/blog\/cookie\/","name":"Cookiek (s\u00fctik) haszn\u00e1lat\u00e1nak szab\u00e1lyzata - 3Mang\u00f3 - Magazin","isPartOf":{"@id":"https:\/\/3mango.hu\/blog\/#website"},"datePublished":"2016-11-04T21:50:34+00:00","dateModified":"2016-12-30T14:45:54+00:00","breadcrumb":{"@id":"https:\/\/3mango.hu\/blog\/cookie\/#breadcrumb"},"inLanguage":"hu","potentialAction":[{"@type":"ReadAction","target":["https:\/\/3mango.hu\/blog\/cookie\/"]}]},{"@type":"BreadcrumbList","@id":"https:\/\/3mango.hu\/blog\/cookie\/#breadcrumb","itemListElement":[{"@type":"ListItem","position":1,"name":"Home","item":"https:\/\/3mango.hu\/blog\/"},{"@type":"ListItem","position":2,"name":"Cookiek (s\u00fctik) haszn\u00e1lat\u00e1nak szab\u00e1lyzata"}]},{"@type":"WebSite","@id":"https:\/\/3mango.hu\/blog\/#website","url":"https:\/\/3mango.hu\/blog\/","name":"3Mang\u00f3 - Magazin","description":"Design, typo, grafikai tervez\u00e9s, kiadv\u00e1nytervez\u00e9s","potentialAction":[{"@type":"SearchAction","target":{"@type":"EntryPoint","urlTemplate":"https:\/\/3mango.hu\/blog\/?s={search_term_string}"},"query-input":"required name=search_term_string"}],"inLanguage":"hu"}]}},"_links":{"self":[{"href":"https:\/\/3mango.hu\/blog\/wp-json\/wp\/v2\/pages\/2977","targetHints":{"allow":["GET"]}}],"collection":[{"href":"https:\/\/3mango.hu\/blog\/wp-json\/wp\/v2\/pages"}],"about":[{"href":"https:\/\/3mango.hu\/blog\/wp-json\/wp\/v2\/types\/page"}],"author":[{"embeddable":true,"href":"https:\/\/3mango.hu\/blog\/wp-json\/wp\/v2\/users\/1"}],"replies":[{"embeddable":true,"href":"https:\/\/3mango.hu\/blog\/wp-json\/wp\/v2\/comments?post=2977"}],"version-history":[{"count":3,"href":"https:\/\/3mango.hu\/blog\/wp-json\/wp\/v2\/pages\/2977\/revisions"}],"predecessor-version":[{"id":3488,"href":"https:\/\/3mango.hu\/blog\/wp-json\/wp\/v2\/pages\/2977\/revisions\/3488"}],"wp:attachment":[{"href":"https:\/\/3mango.hu\/blog\/wp-json\/wp\/v2\/media?parent=2977"}],"curies":[{"name":"wp","href":"https:\/\/api.w.org\/{rel}","templated":true}]}}